94367 a prime number?
True
Is 171628057 a composite number?
False
Is 746710321 prime?
False
Is 389905481 a prime number?
False
Is 1948813 a prime number?
False
Is 15247907 a composite number?
False
Is 30196897 a prime number?
True
Is 17766113 a prime number?
True
Is 121423579 composite?
False
Is 7782997 a composite number?
True
Is 111118429 a composite number?
False
Is 13533781 composite?
False
Is 3705007 composite?
True
Is 17993839 a prime number?
True
Is 24886811 a composite number?
True
Is 68393 a prime number?
False
Is 121082503 a prime number?
False
Is 19063699 composite?
False
Is 2541295 a composite number?
True
Is 3759751 composite?
False
Is 28038019 a prime number?
False
Is 28378121 prime?
True
Is 52532629 composite?
False
Is 30049589 a composite number?
True
Is 116847323 a composite number?
False
Is 59892089 composite?
False
Is 19835741 composite?
True
Is 5105377 a prime number?
True
Is 175630109 prime?
True
Is 9198262 a prime number?
False
Is 692396039 a composite number?
True
Is 86749 composite?
True
Is 117606217 a composite number?
False
Is 12743023 prime?
False
Is 173207005 a composite number?
True
Is 12065449 prime?
False
Is 13836577 prime?
True
Is 217156601 prime?
False
Is 1103171 a prime number?
True
Is 4128065 a prime number?
False
Is 5377763 a prime number?
False
Is 11617237 prime?
True
Is 22731893 composite?
False
Is 215656877 composite?
False
Is 200318611 a composite number?
False
Is 100277689 a composite number?
True
Is 52325239 composite?
False
Is 1659611605 a prime number?
False
Is 13118597 prime?
True
Is 72067391 composite?
True
Is 3583529 a prime number?
True
Is 3582877 a composite number?
False
Is 9244351 a prime number?
True
Is 7239097 composite?
True
Is 2056489 composite?
False
Is 46090739 composite?
False
Is 48626143 a composite number?
False
Is 7295461 a prime number?
True
Is 9436657 composite?
False
Is 36015069 a prime number?
False
Is 13696667 prime?
True
Is 131487491 a composite number?
False
Is 11355901 prime?
False
Is 1711613 prime?
True
Is 15541783 a composite number?
True
Is 1060861 composite?
False
Is 62873567 a prime number?
True
Is 82681615 composite?
True
Is 5709737 a composite number?
True
Is 47734303 a prime number?
False
Is 5724469 composite?
False
Is 25377017 prime?
True
Is 319689437 prime?
False
Is 1492739 a composite number?
False
Is 5023069 composite?
False
Is 3637135 prime?
False
Is 157538153 a prime number?
True
Is 1359619 a composite number?
False
Is 670001 composite?
False
Is 8805547 composite?
True
Is 6555739 prime?
False
Is 753242537 composite?
False
Is 68942611 prime?
False
Is 17790473 a prime number?
True
Is 497011 composite?
False
Is 151052953 a prime number?
True
Is 48423 a prime number?
False
Is 293892799 a prime number?
True
Is 222727 prime?
False
Is 54634663 a prime number?
True
Is 7864291 a prime number?
True
Is 15029813 a composite number?
True
Is 1762318 composite?
True
Is 206493887 composite?
False
Is 46935781 a prime number?
True
Is 7029679 prime?
False
Is 12554533 composite?
False
Is 726043 a composite number?
False
Is 3466271 a composite number?
True
Is 13225447 composite?
False
Is 7870183 prime?
True
Is 83897681 a composite number?
True
Is 97439821 composite?
True
Is 9911081 a prime number?
True
Is 371078 a prime number?
False
Is 8544953 prime?
True
Is 25044623 a prime number?
True
Is 6069457 prime?
False
Is 23824859 prime?
True
Is 624358367 composite?
False
Is 83769811 a composite number?
True
Is 10042141 prime?
True
Is 37555779 a prime number?
False
Is 800991761 prime?
True
Is 14167883 prime?
True
Is 90169303 prime?
False
Is 3093533 a prime number?
False
Is 941243 prime?
False
Is 164165747 a composite number?
True
Is 281265307 prime?
True
Is 1201381 a prime number?
True
Is 1813187 prime?
False
Is 9152863 composite?
False
Is 3406477 prime?
False
Is 30340867 composite?
False
Is 33423287 composite?
False
Is 94142949 a prime number?
False
Is 8288587 composite?
False
Is 3180977 a composite number?
True
Is 125663807 a prime number?
True
Is 22433449 a composite number?
False
Is 535021483 a prime number?
False
Is 1853117 a prime number?
False
Is 24401387 a prime number?
False
Is 50136959 a prime number?
True
Is 1479617 a composite number?
False
Is 13708121 prime?
False
Is 98723761 a prime number?
False
Is 10738019 a composite number?
False
Is 3104801 composite?
True
Is 166782677 a composite number?
False
Is 3057497 a prime number?
False
Is 26259523 prime?
True
Is 4044743 composite?
False
Is 13224949 prime?
True
Is 2236079 a composite number?
False
Is 846731 a prime number?
False
Is 63060713 prime?
True
Is 15044759 composite?
True
Is 92605 prime?
False
Is 20058653 a prime number?
False
Is 562243549 a composite number?
True
Is 5484287 a composite number?
False
Is 84143 prime?
True
Is 48921743 composite?
True
Is 15931733 a composite number?
False
Is 1293161 composite?
True
Is 4473887 a prime number?
False
Is 213145873 composite?
False
Is 463984337 composite?
True
Is 592791 prime?
False
Is 167925343 prime?
True
Is 9708079 a prime number?
False
Is 4166999 a prime number?
True
Is 119382583 a prime number?
False
Is 4388051 a composite number?
True
Is 3698281 composite?
True
Is 5166619 a composite number?
False
Is 937331 a prime number?
True
Is 86296699 composite?
False
Is 1144163 composite?
False
Is 2961557 prime?
True
Is 2606413 prime?
False
Is 57748849 prime?
False
Is 538042217 composite?
True
Is 302827 a composite number?
True
Is 1471363 prime?
False
Is 138389 a composite number?
False
Is 15121973 composite?
False
Is 1138477 composite?
True
Is 98675323 a composite number?
False
Is 513098133 a composite number?
True
Is 44241451 composite?
True
Is 98154059 a prime number?
True
Is 257119903 prime?
True
Is 3063722 a prime number?
False
Is 2907181 composite?
False
Is 15499499 prime?
True
Is 47079541 prime?
False
Is 430211599 a composite number?
True
Is 19352647 a composite number?
True
Is 2109613 composite?
True
Is 167855813 a prime number?
True
Is 120028193 a composite number?
False
Is 2402857 prime?
True
Is 12039107 a composite number?
False
Is 3203461 a prime number?
True
Is 1367921 a composite number?
False
Is 14247249 prime?
False
Is 29731153 a composite number?
False
Is 7949371 prime?
False
Is 2066717 composite?
False
Is 3636653 composite?
True
Is 165594289 a composite number?
True
Is 19847117 prime?
False
Is 120671079 a prime number?
False
Is 61174163 prime?
True
Is 2301361 a composite number?
False
Is 115038443 composite?
True
Is 1572265 prime?
False
Is 580219 a composite number?
False
Is 458119 prime?
True
Is 4600933 composite?
False
Is 60299951 a composite number?
True
Is 148415959 prime?
True
Is 3025489 composite?
True
Is 66362033 a prime number?
False
Is 2295583 a prime number?
True
Is 2515777 a composite number?
True
Is 38840239 a prime number?
False
Is 3452783033 composite?
True
Is 216899 prime?
True
Is 124299382 a prime number?
False
Is 10638671 composite?
True
Is 76076461 a prime number?
True
Is 75315671 a composite number?
False
Is 55541281 composite?
False
Is 99644921 a composite number?
False
Is 248741511 a composite number?
True
Is 11551343 a composite number?
False
Is 11793673 a composite number?
True
Is 10036643 prime?
True
Is 385181 prime?
False
Is 155160871 composite?
False
Is 1243666 composite?
True
Is 32137801 a composite number?
True
Is 412245203 a prime number?
True
Is 8383007 a composite number?
False
Is 34988015 prime?
False
Is 7685981 prime?
False
Is 1267457 a composite number?
True
Is 95393 a composite number?
False
Is 113559793 composite?
False
Is 362598287 prime?
False
Is 304921 a composite number?
True
Is 54956527 prime?
False
Is 3225947 a prime number?
True
Is 842761 composite?
True
Is 759521195 composite?
True
Is 33730079 a composite number?
True
Is 36959171 composite?
False
Is 27032543 a composite number?
False
Is 30525622 prime?
False
Is 353403409 prime?
False
Is 117557 a composite number?
True
Is 2048413 a composite number?
False
Is 50933957 a composite number?
False
Is 10004921 composite?
False
Is 40113001 a composite number?
True
Is 3754391 a composite number?
False
Is 5746967 a prime number?
False
Is 11194979 composite?
True
Is 725861 composite?
False
Is 9939557 a prime number?
True
Is 7119881 a composite number?
False
Is 19570583 a composite 